ulate the remainder when 20174 is divided by 72.
14
Calculate the remainder when 101011 is divided by 22.
9
What is the remainder when 6191 is divided by 167?
12
What is the remainder when 9731 is divided by 4862?
7
What is the remainder when 8848 is divided by 483?
154
Calculate the remainder when 2034576 is divided by 19.
18
What is the remainder when 7851 is divided by 3897?
57
What is the remainder when 725 is divided by 137?
40
Calculate the remainder when 10938 is divided by 124.
26
Calculate the remainder when 576 is divided by 441.
135
Calculate the remainder when 326205 is divided by 54362.
33
What is the remainder when 83687 is divided by 83448?
239
What is the remainder when 1608 is divided by 348?
216
Calculate the remainder when 215244 is divided by 281.
279
What is the remainder when 1712 is divided by 24?
8
What is the remainder when 1537 is divided by 118?
3
What is the remainder when 4270 is divided by 328?
6
Calculate the remainder when 84707 is divided by 2417.
112
Calculate the remainder when 78170 is divided by 19541.
6
Calculate the remainder when 302997 is divided by 266.
23
Calculate the remainder when 568 is divided by 486.
82
What is the remainder when 3491 is divided by 3468?
23
What is the remainder when 8449 is divided by 2112?
1
Calculate the remainder when 372569 is divided by 22.
21
What is the remainder when 341402 is divided by 70?
12
What is the remainder when 17654 is divided by 152?
22
What is the remainder when 5180 is divided by 743?
722
What is the remainder when 294922 is divided by 51?
40
What is the remainder when 12296 is divided by 60?
56
What is the remainder when 2548 is divided by 193?
39
What is the remainder when 125948 is divided by 16?
12
Calculate the remainder when 3346 is divided by 471.
49
Calculate the remainder when 117214 is divided by 111.
109
Calculate the remainder when 475867 is divided by 266.
259
What is the remainder when 11632 is divided by 11615?
17
What is the remainder when 23319 is divided by 7768?
15
Calculate the remainder when 1559 is divided by 1550.
9
Calculate the remainder when 5638 is divided by 99.
94
What is the remainder when 10680 is divided by 281?
2
Calculate the remainder when 60652 is divided by 89.
43
What is the remainder when 381556 is divided by 599?
592
What is the remainder when 10682 is divided by 15?
2
Calculate the remainder when 3323 is divided by 24.
11
Calculate the remainder when 55418 is divided by 739.
732
Calculate the remainder when 32334 is divided by 1117.
1058
What is the remainder when 4885 is divided by 169?
153
What is the remainder when 430497 is divided by 442?
431
What is the remainder when 445498 is divided by 9?
7
Calculate the remainder when 310446 is divided by 794.
786
Calculate the remainder when 121396 is divided by 104.
28
What is the remainder when 54066 is divided by 27020?
26
Calculate the remainder when 19254 is divided by 235.
219
What is the remainder when 907 is divided by 101?
99
Calculate the remainder when 1742 is divided by 577.
11
What is the remainder when 2950 is divided by 6?
4
What is the remainder when 377308 is divided by 1377?
10
What is the remainder when 365415 is divided by 604?
599
Calculate the remainder when 8081 is divided by 327.
233
Calculate the remainder when 23554 is divided by 294.
34
Calculate the remainder when 82364 is divided by 99.
95
What is the remainder when 55794 is divided by 18595?
9
Calculate the remainder when 13129 is divided by 29.
21
What is the remainder when 15849 is divided by 2247?
120
Calculate the remainder when 984208 is divided by 22.
16
Calculate the remainder when 382935 is divided by 13.
7
What is the remainder when 5058 is divided by 42?
18
What is the remainder when 3997 is divided by 55?
37
What is the remainder when 20354 is divided by 473?
15
Calculate the remainder when 328 is divided by 10.
8
What is the remainder when 13617 is divided by 1049?
1029
What is the remainder when 2431 is divided by 377?
169
Calculate the remainder when 1869 is divided by 75.
69
What is the remainder when 6923 is divided by 301?
0
Calculate the remainder when 18977 is divided by 22.
13
What is the remainder when 44783 is divided by 49?
46
Calculate the remainder when 2017 is divided by 539.
400
Calculate the remainder when 522 is divided by 223.
76
Calculate the remainder when 13475 is divided by 3368.
3
What is the remainder when 1696031 is divided by 16?
15
What is the remainder when 2414 is divided by 212?
82
Calculate the remainder when 36187 is divided by 156.
151
What is the remainder when 31771 is divided by 2119?
2105
Calculate the remainder when 1333 is divided by 148.
1
What is the remainder when 18374 is divided by 122?
74
Calculate the remainder when 4151 is divided by 233.
190
What is the remainder when 2804 is divided by 927?
23
What is the remainder when 113688 is divided by 56836?
16
Calculate the remainder when 67270 is divided by 250.
20
Calculate the remainder when 7433 is divided by 411.
35
Calculate the remainder when 349087 is divided by 564.
535
What is the remainder when 16073 is divided by 3212?
13
What is the remainder when 180000 is divided by 11?
7
What is the remainder when 5082523 is divided by 21?
19
What is the remainder when 6034 is divided by 169?
119
Calculate the remainder when 10926 is divided by 2576.
622
Calculate the remainder when 85747 is divided by 28581.
4
What is the remainder when 5642 is divided by 1738?
428
Calculate the remainder when 1251771 is divided by 23.
19
Calculate the remainder when 35434 is divided by 1080.
874
What is the remainder when 25406 is divided by 165?
161
Calculate the remainder when 17363 is divided by 2165.
43
What is the remainder when 2321 is divided by 1110?
101
What is the remainder when 88460 is divided by 32?
12
Calculate the remainder when 575750 is divided by 87.
71
Calculate the remainder when 276 is divided by 28.
24
Calculate the remainder when 33247 is divided by 138.
127
Calculate the remainder when 1970 is divided by 848.
274
Calculate the remainder when 1799 is divided by 152.
127
What is the remainder when 11031 is divided by 363?
141
Calculate the remainder when 1315 is divided by 538.
239
Calculate the remainder when 895 is divided by 24.
7
Calculate the remainder when 11300 is divided by 863.
81
Calculate the remainder when 9219 is divided by 533.
158
Calculate the remainder when 3995 is divided by 129.
125
Calculate the remainder when 16260 is divided by 1254.
1212
Calculate the remainder when 23004 is divided by 28.
16
What is the remainder when 4741 is divided by 80?
21
What is the remainder when 138614 is divided by 178?
130
What is the remainder when 11547 is divided by 2864?
91
Calculate the remainder when 405 is divided by 99.
9
Calculate the remainder when 40791 is divided by 658.
653
What is the remainder when 1181 is divided by 378?
47
What is the remainder when 490 is divided by 334?
156
Calculate the remainder when 709540 is divided by 354767.
6
What is the remainder when 42171 is divided by 213?
210
What is the remainder when 35943 is divided by 25?
18
What is the remainder when 1382917 is divided by 220?
217
What is the remainder when 47695 is divided by 15843?
166
What is the remainder when 29289 is divided by 2092?
1
Calculate the remainder when 152450 is divided by 4.
2
Calculate the remainder when 4049 is divided by 1884.
281
Calculate the remainder when 41852 is divided by 13934.
50
Calculate the remainder when 566161 is divided by 1526.
15
Calculate the remainder when 6883 is divided by 484.
107
What is the remainder when 4078 is divided by 42?
4
Calculate the remainder when 41480 is divided by 13825.
5
Calculate the remainder when 5886 is divided by 1871.
273
Calculate the remainder when 9987453 is divided by 24.
21
What is the remainder when 501 is divided by 97?
16
Calculate the remainder when 43854 is divided by 378.
6
Calculate the remainder when 9232 is divided by 4497.
238
What is the remainder when 58973 is divided by 6?
5
What is the remainder when 9890 is divided by 2923?
1121
What is the remainder when 5773 is divided by 489?
394
What is the remainder when 438 is divided by 83?
23
Calculate the remainder when 109443 is divided by 3420.
3
Calculate the remai